tive of m**3/3 - 4*m**2 + 24*m - 11. Let x be u(6). What is the highest common divisor of 30 and x?
6
Suppose -5*f = -16 + 1. Let j(q) = q + 4. Let y be j(-3). Calculate the highest common factor of y and f.
1
Let b be (-1)/(-2)*88/11. Suppose 4*d + n - 102 = 2*n, -5*n = -b*d + 110. What is the greatest common factor of 275 and d?
25
Let c be 9/(-6)*2 - -6. Suppose 21 = f - 4*z, 3*z - 36 = -2*f - c*f. What is the greatest common divisor of f and 1?
1
Let s(q) = q**2 - 7*q - 2. Let f(g) = -g**3 + 3*g**2 + 6*g - 9. Let i be f(3). Let n be s(i). What is the greatest common divisor of 2 and n?
2
Suppose 2*l - 40 = 2*h, -10 = 4*h - 2. Suppose g = 4*i - 290 + 73, -4*g - 58 = -i. Calculate the greatest common factor of i and l.
18
Let n be (4*(-7)/56)/(1/(-2)). Let a be (-9 + 11)/(((-2)/(-13))/n). Let i be 143*1*(1 + 0). What is the highest common divisor of i and a?
13
Let z = 1008 - -144. What is the highest common divisor of z and 18?
18
Suppose -1053 = -41*l + 32*l. What is the greatest common factor of l and 9?
9
Let q be -50*(-6)/45*3. Let p = q - 14. Suppose 0 = -3*a + 2*c + 251, p*c = -4*a + 2*c + 348. Calculate the highest common divisor of 34 and a.
17
Let r(p) = p**3 - 13*p**2 + 4*p + 8. Let v be r(13). What is the greatest common divisor of 9 and v?
3
Suppose 0 = -d - 4*d - 155. Let p = d + 56. Calculate the greatest common divisor of p and 275.
25
Let s = 516 - 513. Suppose -3*b = 3*i, 3*b - i + 6*i = -2. What is the greatest common factor of b and s?
1
Suppose -103 = -2*x + 3*x - 3*t, -3*x = t + 319. Let y be 39/52 + x/(-8). Calculate the highest common divisor of y and 42.
14
Let s(l) = 5*l - 1. Let h be s(1). Let z be (3 - 7 - -15) + 0. Suppose 0*c = c + t + 4, c - z = 2*t. What is the highest common divisor of h and c?
1
Suppose -i + 65 = 4*v, 0 = 5*v - 3*i + 10 - 70. Suppose u - 102 = 63. Calculate the greatest common divisor of v and u.
15
Let t be 14*((-6)/10 + (-1095)/(-75)). Calculate the greatest common divisor of 28 and t.
28
Let y(u) = -u**3 + 9*u**2 - 7*u - 6. Let c be y(8). Let o be (-294)/(-28)*c/3. Let i = o + 128. What is the highest common factor of i and 15?
15
Suppose -3*p + 16*p = 2912. What is the greatest common factor of p and 7?
7
Let s(a) = -3*a + 85. Let n be s(13). Calculate the highest common divisor of n and 115.
23
Let l = -41 - -22. Let t = l + 11. Let a be (-2 - -7)*t/(-20). What is the greatest common divisor of 2 and a?
2
Suppose a + 81 = 2*a. Calculate the greatest common factor of 9 and a.
9
Let y(l) = -3*l**3 + l**2. Suppose 0 = -6*j - 7 + 1. Let a be y(j). Calculate the greatest common factor of a and 16.
4
Suppose 69*n = -101 + 4931. Calculate the highest common divisor of 1505 and n.
35
Suppose 0*p = -4*x + 5*p + 81, -2*x + 33 = -5*p. What is the greatest common divisor of 40 and x?
8
Let g be ((-85)/5)/(1/(-6)). Suppose 3*d + 0*d + g = 0. Let i = 69 + d. What is the highest common divisor of 7 and i?
7
Let h = 145 - 126. Calculate the highest common factor of h and 152.
19
Suppose x = -3*x + 12. Suppose -3*d - x*y + 29 = 8, 0 = 2*y - 8. Suppose d*h = 58 + 32. What is the greatest common factor of h and 210?
30
Suppose -4*h + 163 = i, -2*h - 3*i = 17 - 106. Let a be 59/7 + (-3)/7. Calculate the greatest common divisor of h and a.
8
Suppose -4*r - 4*y = -1968, 11*r - 14*r + y = -1484. What is the highest common divisor of r and 52?
26
Let y be 2 + -1 + (15 - 14). Suppose -b = -5*g + 17, -2*b - g = -2*g - y. What is the highest common divisor of b and 9?
3
Let z be (-2)/10 - 177/15. Let k be 0 + 2 - 84/z. What is the greatest common factor of 9 and k?
9
Suppose -4*b = -4*y + 68, -4*y = -3*y - 4*b - 2. Suppose 7*k = 2*k - 20. Let c be (6 + -5)/((-2)/k). Calculate the highest common factor of y and c.
2
Suppose -3*c - 4*p + 364 = c, 0 = -5*c - p + 443. Suppose -2*w + w + 16 = 0. Let l = w - 8. What is the greatest common factor of l and c?
8
Let o be (5 - -1)*(1 + (-21)/9). Let l be (-262)/o - (3/4)/1. Calculate the greatest common factor of 8 and l.
8
Suppose 0 = -0*l + l, 0 = 5*t - 3*l - 110. Calculate the highest common divisor of 286 and t.
22
Suppose -o + 5*d + 5 = 0, -34 = -2*o - 3*d + d. Suppose 20*c = o*c + 310. Let f = c + -32. What is the highest common divisor of f and 6?
6
Let s(t) = -4*t**2 + 27*t - 7. Let c be s(6). Calculate the highest common factor of c and 352.
11
Suppose 14*v - 9438 = -8*v. Let q = 86 + -47. What is the highest common factor of v and q?
39
Let z(x) = -4 - 2*x + 0 + 2. Let t be (5/10)/(2/16) - 13. Let c be z(t). What is the greatest common factor of c and 80?
16
Let h be 79/((-3)/(0 - -3)). Let r = h + 92. What is the greatest common factor of r and 52?
13
Let y = 180 + -54. What is the greatest common factor of y and 441?
63
Let k = 284 + -252. What is the highest common factor of 336 and k?
16
Let r be 10 + -11 - 2 - -39. Suppose 3*w - 4*b - 177 = -27, -b = 3*w - 165. What is the highest common divisor of r and w?
18
Let u = -49 - -129. What is the greatest common factor of 64 and u?
16
Let n be (-2)/(-7) - (48996/(-63) + -4). What is the highest common divisor of n and 46?
46
Let v = 44 - 50. Let k(d) = -4*d - 21. Let u be k(v). What is the highest common factor of u and 3?
3
Suppose -273 = 8*z - 721. Calculate the highest common factor of 2 and z.
2
Suppose 4*h = -3*v + 158, -5*v + 5*h = -10*v + 260. What is the highest common divisor of 125 and v?
25
Let w = 9462 + -9176. Suppose 0 = 5*a + 21 - 151. Calculate the highest common divisor of a and w.
26
Let m = 2 + 6. Let h = 38 - 34. Suppose -2*l - 10 = -3*t, -h*l = 8*t - 3*t - 24. What is the highest common factor of l and m?
1
Let a be (-3)/(-6*3/24). Suppose -2*j = 10, a*j - 8*j = -5*s + 40. Calculate the greatest common factor of s and 6.
2
Let l(w) = -w + 4. Let m be l(4). Suppose 0 = 2*h + 3*d - 165, -h - 3*d = -m*h - 87. Let t be 13/(2/16*4). Calculate the highest common divisor of t and h.
26
Suppose 0*l + 6 = 3*l. Suppose 0 = -4*b + l*o + 18, 0*o + 35 = 5*b - 5*o. Suppose -4*x + 2 = -b. Calculate the greatest common divisor of 7 and x.
1
Let r = 82 - 54. Let j be -12 + 28 + 2*1. Let q(l) = -2*l**2 + 39*l + 16. Let o be q(j). Calculate the greatest common divisor of o and r.
14
Suppose -5*z - 5*j + 2*j + 1740 = 0, 2*j + 1414 = 4*z. What is the greatest common divisor of z and 27?
27
Suppose -4*y + 221 = 5*r - 6*r, -5*y + 4*r = -279. What is the greatest common divisor of y and 110?
55
Let v(r) = -3*r + 3*r + 5 + 7*r - r**2. Let m be v(4). Let s = -4008 - -4025. Calculate the greatest common divisor of s and m.
17
Suppose -2*f + 138 = 4*k, 3*f - 4*k + 5*k - 222 = 0. Suppose -22*o + 160 = -17*o - 5*c, -3*c = 5*o - 144. What is the greatest common divisor of o and f?
15
Suppose 0 = 50*q - 38*q - 216. Calculate the greatest common factor of 576 and q.
18
Suppose 0 = g + 4*h - 31, h - 109 = -3*g - 3*h. Let r = 71 + 85. What is the highest common factor of g and r?
39
Let k(u) = -16*u**2 - 12*u + 48. Let l(z) = -4*z**2 - 3*z + 12. Let s(y) = 2*k(y) - 9*l(y). Let a be s(-4). Calculate the highest common factor of 16 and a.
8
Let b(s) = -18 - s - s**3 - 16*s**2 + 27 - 2. Let w be b(-16). What is the highest common divisor of 115 and w?
23
Let l(g) = -27*g**3 + g**2 + 3*g + 1. Let r be l(-1). Let y = r - 18. What is the highest common divisor of y and 32?
8
Let p = 4991 - 4856. Let b be 14 + 1 - (1 + -1). Calculate the greatest common factor of p and b.
15
Let y(w) = -w**2 + 23*w + 3. Let t be y(23). What is the highest common factor of t and 129?
3
Let y = -35 + 107. Calculate the highest common factor of 54 and y.
18
Let s(o) = o**3 - 9*o**2 + 4. Let f be s(9). Let i be (-3)/(-3)*(f + -9). Let m be 1 + i - 2*-74. What is the highest common divisor of m and 18?
18
Suppose -2*y - y + 57 = 0. Let a = -18 + 25. Let k = 12 + a. What is the highest common divisor of k and y?
19
Suppose 0 = -3*q + 12, -161*q = k - 159*q - 12. Suppose n - 1 - 2 = 0. Calculate the highest common factor of n and k.
1
Let u(h) = -h**3 + 32*h**2 - 29*h - 40. Let z be u(31). Calculate the highest common divisor of z and 110.
22
Let c = -41205 + 12551. Let i be 1/3 - c/6. Let x be i/28 + 3/7. What is the greatest common factor of x and 19?
19
Let g(h) = 12*h**2 + h. Let b be g(-1). Suppose c + b = -1. Let r be 5/(25/c)*-5. Calculate the g